hat is -3b3 + -4?
-3b7
In base 16, what is 39b - -4?
39f
In base 4, what is -131 - -10?
-121
In base 7, what is 6061 + 5?
6066
In base 5, what is -212 + -1233?
-2000
In base 2, what is -11 + 1110001?
1101110
In base 12, what is 34 + 358?
390
In base 9, what is -13 - -25?
12
In base 14, what is -4 - -84?
80
In base 15, what is -33 - 1?
-34
In base 16, what is -74d + 5?
-748
In base 3, what is -12000 - -1?
-11222
In base 5, what is -32 - 400?
-432
In base 16, what is -ef + -2?
-f1
In base 7, what is -35 + 5?
-30
In base 10, what is 120 + -4?
116
In base 14, what is 6 - c?
-6
In base 9, what is -22404 - 4?
-22408
In base 12, what is 80b - -5?
814
In base 14, what is -14a - 4?
-150
In base 15, what is 1 + -24?
-23
In base 6, what is -415 + -12?
-431
In base 15, what is -26e - 5?
-274
In base 14, what is -3d - 1b?
-5a
In base 5, what is -43200 - 3?
-43203
In base 6, what is 5 + -35005?
-35000
In base 2, what is -1100001 + 100?
-1011101
In base 15, what is -5 - 364?
-369
In base 2, what is -1000 - -111?
-1
In base 14, what is -1c3 - d?
-1d2
In base 9, what is -1 + -352?
-353
In base 4, what is -12 - 1212?
-1230
In base 10, what is -3661 - 5?
-3666
In base 6, what is 4005 - 2?
4003
In base 4, what is -1001 + 1210?
203
In base 2, what is 11111 - -1001?
101000
In base 2, what is -11 + -101000011?
-101000110
In base 6, what is 1211 + -10?
1201
In base 11, what is 110 + 5?
115
In base 3, what is 121 + 11?
202
In base 13, what is c62 - 0?
c62
In base 5, what is -22 - 213?
-240
In base 2, what is -101001 - -1010?
-11111
In base 10, what is 16 - 19?
-3
In base 13, what is -30 + -4?
-34
In base 7, what is -20 - -354?
334
In base 7, what is 3454 + 0?
3454
In base 11, what is 0 - -170?
170
In base 16, what is 5 + 19f3?
19f8
In base 5, what is -3 - 22122?
-22130
In base 7, what is 3 - -462?
465
In base 16, what is -65 + -2?
-67
In base 8, what is -2 - 4163?
-4165
In base 10, what is 83 - 7?
76
In base 14, what is 3 - -36?
39
In base 13, what is -1ca - 2?
-1cc
In base 13, what is 0 - 522?
-522
In base 14, what is -4 - 12?
-16
In base 13, what is -1 + 198?
197
In base 6, what is -20 + 324?
304
In base 11, what is -353 + -7?
-35a
In base 15, what is 3 - -6?
9
In base 2, what is 1 - 111?
-110
In base 13, what is a0 + -1?
9c
In base 10, what is 14683 + -1?
14682
In base 11, what is -3a889 + 4?
-3a885
In base 15, what is 1 - -6a?
6b
In base 15, what is 4 + -68d?
-689
In base 2, what is 101 - -1001000?
1001101
In base 9, what is -125 + -18?
-144
In base 14, what is 31 - -15?
46
In base 14, what is 16 - -1?
17
In base 12, what is -255 + -5?
-25a
In base 15, what is 5 - -38?
3d
In base 9, what is -103 + -14?
-117
In base 4, what is -1003313 + 0?
-1003313
In base 5, what is -31223 + -4?
-31232
In base 11, what is -4 - 245?
-249
In base 9, what is 5 + 332?
337
In base 12, what is 14 + 0?
14
In base 8, what is 5 + 2232?
2237
In base 16, what is 109 + -22?
e7
In base 4, what is 2 + 310103?
310111
In base 10, what is -5546 + -2?
-5548
In base 16, what is f2 + -1c?
d6
In base 10, what is 1 + 2298?
2299
In base 10, what is 6 + 1056?
1062
In base 11, what is 4 + 117?
120
In base 4, what is 0 - 2233?
-2233
In base 5, what is 0 + -41014?
-41014
In base 9, what is -227 - 0?
-227
In base 2, what is 1011111101 - -100?
1100000001
In base 5, what is -1 - 330?
-331
In base 6, what is -30 - 425?
-455
In base 4, what is 22200 - -11?
22211
In base 7, what is 205 + -16?
156
In base 14, what is 3 - -260?
263
In base 8, what is -7 - 25?
-34
In base 9, what is 7386 + -3?
7383
In base 10, what is 59 + -2?
57
In base 12, what is 2 + b?
11
In base 15, what is -1 - 29?
-2a
In base 16, what is 6874 + 0?
6874
In base 5, what is 234 + 12?
301
In base 16, what is -3 + 171?
16e
In base 2, what is -111011 - 110?
-1000001
In base 16, what is -284 + 6?
-27e
In base 16, what is -4 - 34?
-38
In base 8, what is -5350 - -2?
-5346
In base 5, what is 0 - 1010?
-1010
In base 12, what is 1002 - -5?
1007
In base 5, what is -14 + 34?
20
In base 12, what is -7 + 26?
1b
In base 4, what is 12301 - 33?
12202
In base 2, what is -100110 + -110?
-101100
In base 15, what is -b0 + 2?
-ad
In base 5, what is 4 + -212?
-203
In base 11, what is -69 - -6?
-63
In base 4, what is 20 + 32?
112
In base 15, what is 57 + -5?
52
In base 2, what is -11 - 111000010?
-111000101
In base 4, what is -3 + -122212?
-122221
In base 4, what is -1 - -10000?
3333
In base 8, what is 107 - 4?
103
In base 3, what is -112 - 10012000?
-10012112
In base 4, what is -110221 - 2?
-110223
In base 7, what is -5 - -112?
104
In base 8, what is 514 - 2?
512
In base 9, what is -143 - 22?
-165
In base 5, what is 33 + -4003?
-3420
In base 12, what is -35a + -6?
-364
In base 14, what is 5 - -37?
3c
In base 14, what is 2 - -69?
6b
In base 8, what is -1 + 422?
421
In base 15, what is -3 + -990?
-993
In base 3, what is -12 + 1002?
220
In base 9, what is -56 - 4?
-61
In base 15, what is 2 - -134?
136
In base 10, what is -7822 + 1?
-7821
In base 4, what is 233 + -22?
211
In base 15, what is 5 + 31?
36
In base 11, what is -1 - 7?
-8
In base 12, what is -55 - 4?
-59
In base 14, what is 3 + -126a?
-1267
In base 5, what is 223 + -21?
202
In base 6, what is -105011 - -3?
-105004
In base 2, what is 0 - 10100100?
-10100100
In base 13, what is -20 + 34?
14
In base 7, what is -2 + -205?
-210
In base 11, what is -1 + 180?
17a
In base 11, what is 36 + 31?
67
In base 9, what is -3 - -485?
482
In base 14, what is -5c6 - 4?
-5ca
In base 16, what is 79 - 5?
74
In base 14, what is 4 + 1ab?
1b1
In base 8, what is 0 - -42?
42
In base 14, what is 0 - -aa8?
aa8
In base 9, what is 52 - 6?
45
In base 8, what is 101 - 13?
66
In base 15, what is 5 - 23?
-1d
In base 16, what is 1246 + -3?
1243
In base 16, what is 15 + 15?
2a
In base 16, what is 1 - 74?
-73
In base 9, what is -26 + 521?
484
In base 5, what is -10 - 440?
-1000
In base 16, what is 126 - e?
118
In base 6, what is 11535 + 4?
11543
In base 3, what is 10 + 200101?
200111
In base 15, what is -129 + 33?
-e6
In base 5, what is -2 + -1311?
-1313
In base 6, what is 15 + -414?
-355
In base 5, what is -10 + -132?
-142
In base 13, what is 33 - -17?
4a
In base 16, what is -6ce + -4?
-6d2
In base 8, what is 37 - 354?
-315
In base 8, what is 0 + -3213?
-3213
In base 16, what is 3 + -339?
-336
In base 2, what is 101 + 1101001?
1101110
In base 16, what is -1d - 22?
-3f
In base 12, what is -4 + 1a8?
1a4
In base 7, what is 51 + 21?
102
In base 2, what is 101001001111 + 110?
101001010101
In base 5, what is 31 - -14?
100
In base 16, what is -2 + -28c?
-28e
In base 8, what is 57 - 101?
-22
In base 2, what is -1110 + 1000?
-110
In base 2, what is -100001 - 10111?
-111000
In base 13, what is -8 + -3?
-b
In base 9, what is 2110 + 18?
2128
In base 13, what is 1524 + -5?
151c
In base 4, what is 10 - 32?
-22
In base 13, what is 1c + -9?
13
In base 3, what is 2 + 112210?
112212
In base 5, what is 2 - 132?
-130
In base 5, what is 1 - -202?
203
In base 13, what is 1 - 26?
-25
In base 10, what is 465 + 3?
468
In base 3, what is 110112 + -12?
110100
In base 6, what is 5 + 1001?
1010
In base 11, what is 8a - 5?
85
In base 10, what is -3 - -56?
53
In base 10, what is 5433 + 0?
5433
In base 6, what is 154531 + 3?
154534
In base 4, what is -3232 + 221?
-3011
In base 7, what is -166 - -10?
-156
In base 6, what is 1 - 32531?
-32530
In base 15, what is -7cb - 2?
-7cd
In base 10, what is -5 - 17?
-22
In base 6, what is -200 + 2?
-154
In base 6, what is 3 - 41?
-34
In base 14, what is -19 + -60?
-79
In base 15, what is 5 - 2?
3
In base 8, what is -4201 - 0?
-4201
In base 8, what is -117 + 0?
-117
In base 12, what is 21 + -4?
19
In base 15, what is -32 - 5?
-37
In base 16, what is -3 + -171b?
-171e
In base 12, what is -4 + 1a?
16
In base 12, what is -2 + -221?
-223
In base 9, what is 437 + -26?
411
In base 14, what is -3 + 20b?
208
In base 11, what is 2 + 412?
414
In base 16, what is -e + 8?
-6
In base 16, what is -27a + -2?
-27c
In base 13, what is ac5 - -4?
ac9
In base 14, what is 4 + bc6?
bca
In base 10, what is -2 + 890?
888
In base 6, what is -3 + -3044?
-3051
In base 13, what is -5 + 158?
153
In base 2, what is -10010 + -1110?
-100000
In base 7, what is -60 - 11?
-101
In base 8, what is -7 - 3?
-12
In base 15, what is 176 - -7?
17d
In base 8, what is -2 - 13?
-